.
227
Let y(x) = -874*x + 134599. What is y(154)?
3
Let j(b) = b**3 - 14*b**2 - b - 209. What is j(15)?
1
Let y(f) = -f**3 + 7*f**2 + 23*f + 86. What is y(10)?
16
Let i(r) = 31*r + 196. Determine i(-7).
-21
Let q(s) = s**2 - 32*s - 36. Determine q(24).
-228
Let o(j) = -j**3 - 55*j**2 - 724*j - 45. What is o(-33)?
-111
Let l(c) = -c**3 + 20*c**2 + 34*c - 61. Determine l(21).
212
Let i(s) = s**3 - 20*s**2 + 33*s - 23. Determine i(18).
-77
Let d(r) = -r**3 + 27*r**2 + 63*r - 162. Calculate d(29).
-17
Let q(r) = 2*r**3 - 3*r**2 + 4*r + 45. Calculate q(-4).
-147
Let q(j) = -j**3 + 39*j**2 - 76*j + 80. What is q(37)?
6
Let m(w) = -w**3 + 13*w**2 - 6*w - 15. What is m(10)?
225
Let k(p) = 2*p**3 - 26*p**2 + 7*p + 16. Calculate k(13).
107
Let f(a) = -188*a - 763. Give f(-4).
-11
Let z(n) = 101*n - 53. Give z(-1).
-154
Let m(s) = -180*s**3 + 1070*s**2 + 59*s + 2. What is m(6)?
-4
Let h(r) = 4*r**2 - 182*r - 27. Determine h(45).
-117
Let o(j) = -45*j - 10. Determine o(0).
-10
Let a(h) = -8*h + 160. Calculate a(38).
-144
Let g(u) = -198*u + 12266. What is g(62)?
-10
Let o(g) = g**3 - 18*g**2 - 9*g + 668. What is o(16)?
12
Let p(m) = 63*m**2 + 7*m + 5. Give p(-1).
61
Let w(b) = b**3 + 98*b**2 - 84*b + 1491. Calculate w(-99).
6
Let o(q) = -q - 190. Give o(-18).
-172
Let w(l) = l**3 + 15*l**2 + 57*l + 1564. Determine w(-17).
17
Let l(k) = 6*k**2 + 6*k + 2. Determine l(-3).
38
Let h(s) = -29*s - 419. Calculate h(-13).
-42
Let j(k) = k**3 - 10*k**2 + 9*k + 13. Determine j(9).
13
Let h(t) = 407*t + 391. Determine h(-1).
-16
Let w(h) = h**3 + 16*h**2 - 185*h + 21. Calculate w(7).
-147
Let u(g) = 2*g**3 - 22*g**2 + 52*g - 29. What is u(8)?
3
Let w(q) = q**3 + q**2 - q - 46. What is w(0)?
-46
Let h(k) = k**2 + 28*k + 43. Determine h(-24).
-53
Let a(s) = 16*s**2 - 79*s + 12. Determine a(5).
17
Let f(p) = -146*p + 14754. What is f(101)?
8
Let q(n) = 8*n**2 + 31*n + 109. Give q(-5).
154
Let n(y) = 50*y + 496. Determine n(-10).
-4
Let u(x) = -3*x + 96. Give u(26).
18
Let i(c) = -202*c - 809. Calculate i(-4).
-1
Let o(z) = z**3 + z**2 - 121*z + 119. Determine o(10).
9
Let z(y) = -55*y + 398. Give z(8).
-42
Let i(g) = -14*g - 300. Calculate i(-23).
22
Let n(k) = 14*k**2 - 242*k + 1. Determine n(16).
-287
Let t(a) = 3*a**3 - 85*a**2 + 52*a - 701. Give t(28).
-29
Let d(t) = t**2 + 1165*t + 3487. Determine d(-3).
1
Let p(c) = c**2 - 54*c - 25517. What is p(-135)?
-2
Let f(o) = -o**2 + 40*o + 916. What is f(51)?
355
Let m(t) = 11*t - 59. Give m(7).
18
Let g(i) = 2*i**3 - 16*i**2 + 25*i + 21. Determine g(5).
-4
Let v(l) = -202*l - 1363. Give v(-7).
51
Let m(n) = 8*n**2 - 202*n + 845. What is m(20)?
5
Let d(m) = 43*m**2 + 2367*m + 117. Calculate d(-55).
7
Let q(u) = -2327*u - 160562. Calculate q(-69).
1
Let z(n) = -101*n - 69. Calculate z(3).
-372
Let g(n) = n**2 - 254*n + 15821. Determine g(141).
-112
Let n(b) = b**3 - 14*b**2 + 41*b + 33. What is n(9)?
-3
Let d(y) = -y**3 - 38*y**2 - 40*y - 62. Give d(-37).
49
Let a(g) = 40*g + 96. Calculate a(3).
216
Let l(c) = -2*c**3 - 13*c**2 + 18*c - 15. What is l(-8)?
33
Let f(j) = 10*j**2 + 122*j - 773. Calculate f(-17).
43
Let h(d) = 18*d - 56. What is h(8)?
88
Let u(z) = z**3 - 32*z**2 + 24*z + 142. What is u(31)?
-75
Let f(u) = -3*u**2 + 11*u + 109. Determine f(-5).
-21
Let h(i) = -i**3 - 64*i**2 - 984*i + 98. Give h(-26).
-6
Let f(c) = 420*c - 100377. Calculate f(239).
3
Let f(x) = -x**3 - 145*x**2 - 114*x + 4286. Calculate f(-144).
-34
Let b(q) = 4*q**2 + 22*q + 91. What is b(-9)?
217
Let j(c) = -4*c**2 - 262*c + 404. Calculate j(-67).
2
Let c(s) = -3*s**3 - 29*s**2 - 41*s - 236. Calculate c(-9).
-29
Let c(s) = -s**2 + 22*s + 164. Determine c(-6).
-4
Let v(q) = 14*q**2 + 272*q + 122. Give v(-19).
8
Let s(v) = -v**3 + 7*v**2 + 59*v - 3. Calculate s(11).
162
Let i(a) = -10*a**3 + 66*a**2 - 86*a - 12. Give i(2).
0
Let s(i) = 4*i**2 - 181*i + 1929. Calculate s(28).
-3
Let n(i) = -i**2 + 78*i - 414. Calculate n(69).
207
Let y(z) = -8*z**2 - 59*z - 10. What is y(-7)?
11
Let o(s) = s**3 + 27*s**2 + 30*s + 26. Give o(-26).
-78
Let x(v) = -v**2 - 13*v - 27. Determine x(-14).
-41
Let g(b) = -b**2 - 497*b + 16934. What is g(32)?
6
Let c(g) = g**3 - 12*g**2 + 51*g + 15. Determine c(-6).
-939
Let u(n) = -174*n - 5298. Calculate u(-31).
96
Let w(h) = 337*h - 1424. Determine w(4).
-76
Let u(i) = i**3 - 53*i**2 + 61*i - 475. Calculate u(52).
-7
Let w(p) = -10*p**2 + 860*p + 5. Calculate w(86).
5
Let u(r) = 435*r + 2888. Calculate u(-6).
278
Let o(p) = -p**3 + 47*p**2 - 142*p + 440. Calculate o(44).
0
Let t(b) = 239*b + 4939. What is t(-21)?
-80
Let j(m) = m**2 + 12*m - 18. Calculate j(-12).
-18
Let g(t) = -4*t**3 + 51*t**2 - 11*t - 39. Determine g(12).
261
Let u(m) = -m**3 - 168*m**2 - 4*m - 676. Give u(-168).
-4
Let x(m) = 9*m**2 + 33*m - 4. Calculate x(-4).
8
Let u(b) = 2*b**3 + 19*b**2 - 6*b + 71. Give u(-10).
31
Let d(p) = -4*p**2 + 26*p + 87. Give d(11).
-111
Let w(q) = -4*q**2 + 37*q + 2290. Give w(29).
-1
Let x(z) = 15*z**3 - 61*z**2 - 181*z - 3. Give x(-3).
-414
Let j(y) = 2*y**2 - 89*y + 781. Give j(10).
91
Let d(g) = 3*g**2 - 56*g - 1013. Calculate d(30).
7
Let s(l) = -2*l**3 - 35*l**2 - 85*l + 24. Calculate s(-3).
18
Let i(h) = -144*h**2 - 6*h + 7. Determine i(1).
-143
Let s(f) = -3*f**2 - 100*f + 166. Determine s(-34).
98
Let b(y) = -5*y**3 - 4*y**2 - 5*y - 3. Give b(4).
-407
Let v(t) = -2*t**3 - 6*t**2 - 60*t - 466. Calculate v(-7).
346
Let d(b) = -b**3 + 30*b**2 - 104*b + 1345. What is d(28)?
1
Let p(l) = -4*l**2 + 192*l - 123. Calculate p(48).
-123
Let m(l) = 6*l - 87. What is m(19)?
27
Let d(l) = 45*l + 96. Calculate d(-11).
-399
Let l(y) = -y**3 + 3*y**2 + 5*y + 217. What is l(0)?
217
Let d(s) = -2*s**2 - 20*s + 740. Give d(-25).
-10
Let v(u) = -342*u**2 - 680*u - 13. Calculate v(-2).
-21
Let b(c) = c**3 + 148*c**2 + 276*c - 2335. Determine b(-146).
1
Let u(t) = 35*t - 2057. Give u(68).
323
Let a(v) = -19*v**3 - 6*v**2 + 5*v - 4. Give a(2).
-170
Let q(v) = 9*v - 59. Calculate q(8).
13
Let r(d) = d**3 - 49*d**2 - 270*d + 8. Determine r(-5).
8
Let x(b) = -6*b**2 + 142*b - 40. Give x(23).
52
Let h(s) = 55*s**2 + s. Calculate h(1).
56
Let a(v) = -40*v - 784. Determine a(-20).
16
Let g(r) = 482*r - 5781. What is g(12)?
3
Let b(r) = r**3 + 12*r**2 - 76*r + 51. What is b(-16)?
243
Let z(y) = -160*y**2 + 4*y - 3. What is z(0)?
-3
Let g(l) = -4533*l - 13606. Give g(-3).
-7
Let z(y) = -12*y**2 - 108*y + 3. Calculate z(-9).
3
Let v(j) = -j**3 + 19*j**2 - 245*j + 4091. Determine v(18).
5
Let j(v) = -2*v**2 + 20*v + 6. Determine j(10).
6
Let u(i) = 3*i**2 + 173*i - 257. Determine u(-59).
-21
Let t(d) = -2451*d - 27010. Give t(-11).
-49
Let z(d) = -9*d**2 + 83*d - 81. Give z(8).
7
Let t(x) = 2*x**2 + 11*x + 16. Give t(0).
16
Let p(y) = -17*y**2 + 198*y - 24. Determine p(14).
-584
Let g(c) = c**3 - 37*c**2 + 254*c - 47. Give g(28).
9
Let m(s) = -4*s**2 + 3*s + 18. Determine m(-4).
-58
Let k(g) = 8*g + 98. Calculate k(12).
194
Let v(f) = 7*f - 81. Determine v(15).
24
Let y(n) = -7*n**2 + 26*n + 28. What is y(6)?
-68
Let n(q) = -q**2 + 363*q - 32639. Give n(199).
-3
Let m(h) = -8*h**3 - 7*h**2 - 9*h + 27. Calculate m(3).
-279
Let d(h) = h**2 + 52*h + 321. Determine d(-43).
-66
Let d(u) = -3*u**3 + 22*u**2 - 45*u + 12. What is d(4)?
-8
Let p(t) = 18*t**2 - 71*t - 42. Determine p(4).
-38
Let m(s) = s**2 - 29*s + 6. What is m(26)?
-72
Let c(b) = -45*b - 778. Calculate c(-17).
-13
Let l(g) = -51*g**3 + g**2 + 9*g - 9. What is l(1)?
-50
Let n(b) = 50*b - 353. Determine n(9).
97
Let j(x) = 2*x**2 + 1324*x - 6674. Determine j(-667).
-4
Let h(y) = -y**3 - 7*y**2 + 5*y + 28. What is h(-7)?
-7
Let d(g) = -g**3 + 51*g**2 - 103*g + 253. Give d(49).
8
Let g(c) = -c**3 - 11*c**2 + 97*c + 550. Calculate g(-15).
-5
Let t(x) = 26*x - 372. Give t(15).
18
Let j(f) = -7*f + 585. What is j(81)?
18
Let g(m) = 12*m**3 + 3*m**2 - 15*m + 17. Determine g(2).
95
Let m(b) = -4*b**3 + 43*b**2 + 6*b + 41. What is m(11)?
-14
Let q(s) = s**2 + 50*s - 207. Give q(-53).
-48
Let w(v) = -v**3 + 10*v**2 + 24*v. What is w(-5)?
255
Let i(j) = -j**2 + 264*j + 537. What is i(266)?
5
Let c(r) = r**2 + 17*r - 678. Calculate c(-33).
-150
Let w(j) = -5*j**3 + 12*j**2 - 7*j - 6. Calculate w(1).
-6
Let s(w) = w**2 + 32*w - 348. Give s(-42).
72
Let d(w) = -2*w**2 - 180*w - 183. Give d(-